ctors of k(8).
2, 3, 271
Let p = -116 + 127. Suppose 0 = -p*b + 814 + 242. List the prime factors of b.
2, 3
List the prime factors of 5*(-28)/35 + 11463.
7, 1637
Let l = -142 - -220. Let i = -14 + -22. Let z = i + l. What are the prime factors of z?
2, 3, 7
Let n(w) = -3*w**2 - 34*w + 28676. List the prime factors of n(0).
2, 67, 107
Let w = 179 + -48. Let j = w + 198. What are the prime factors of j?
7, 47
Let c = -2119 - -2114. Let p(o) be the first derivative of 2*o**3 + 5*o**2/2 - 8*o + 1. What are the prime factors of p(c)?
3, 13
Let x = 10030 + -4299. List the prime factors of x.
11, 521
What are the prime factors of 2*(-17614)/4*(609/(-29) + 20)?
8807
Let c = 15872 + -10758. List the prime factors of c.
2, 2557
Let y be (-1656)/(-48)*12/9. Suppose 0 = 3*m - y*h + 49*h - 1053, -2*m + 711 = 5*h. List the prime factors of m.
2, 3, 29
Let j(a) = a**3 - a**2. Let r be j(2). Let v be (-29 + 30)/(-2 - (-22)/10). Suppose v*f - 290 = -5*g, r*f + 123 = 2*g + 37. What are the prime factors of g?
53
Suppose -90*w + 746893 - 30043 = 0. List the prime factors of w.
3, 5, 59
Suppose 1767065 = -32*q + 184*q - 66511. What are the prime factors of q?
3, 4021
Suppose -4*j + 30368 = 2*k, -4*k - 5*j = -48468 - 12265. What are the prime factors of k?
2, 7591
Let x = -32 - -38. Let m(r) = 35*r**2 + 9*r - 20. List the prime factors of m(x).
2, 647
Suppose -24 = 10*d - 4*d. Let n be (-2 + 0)*2/d*49. Let z = n + 37. What are the prime factors of z?
2, 43
Suppose 86*j + 415095 = 124*j - 769973. List the prime factors of j.
2, 31, 503
Let d(y) = y**3 + 18*y**2 + 20*y + 49. Let a be d(-17). List the prime factors of 1/a - 28272/(-32).
883
Let w(b) = -22*b - 101. Let y be w(-11). Suppose 6 + y = o. List the prime factors of o.
3, 7
Let a(f) be the second derivative of f**5/20 + 7*f**4/3 - 11*f**3/3 + 29*f**2 + 38*f - 2. What are the prime factors of a(-28)?
2, 337
Let m be 1*-12*945/(-28). Let x be 14/(-14)*3*-1 + -221. Let u = m + x. List the prime factors of u.
11, 17
Suppose -2*o + 0 = -4*j - 4, -5*j - 6 = -2*o. What are the prime factors of (72/j)/(-4)*31?
3, 31
Let a(o) = -4*o**2 - 26*o - 3. Let v be a(-6). Suppose -k - 6960 = -v*k. What are the prime factors of k?
2, 3, 5, 29
Suppose 137*d - 172*d + 165760 = 0. What are the prime factors of d?
2, 37
Suppose 257*b - 84*b = 260711. What are the prime factors of b?
11, 137
Let i = -2046 - -1204. Let j = 1679 + i. What are the prime factors of j?
3, 31
Let m(u) = -274*u + 17. Let c be m(1). Let w = c + 265. What are the prime factors of w?
2
Suppose 0 = 3*f - n + 812, 0 = -4*f - n - 568 - 517. Let z = 711 + f. List the prime factors of z.
2, 5, 11
Let l(o) = -o**3 - 3*o**2 + 3*o + 1. Let m be l(3). Let q = m - 11. Let d = q - -126. What are the prime factors of d?
71
Suppose -129315 = -10158*g + 10143*g. What are the prime factors of g?
37, 233
Suppose 8*a + 16 = 0, -4*s - 7*a + 56768 = -3*a. List the prime factors of s.
2, 47, 151
Let q be 28 + -1 + 0 + 1. Let b = 28 - q. Suppose 41 = -b*z + z. List the prime factors of z.
41
Suppose 265 = x - m + 6*m, m - 1060 = -4*x. Let v = 422 - x. What are the prime factors of v?
157
Let b be (-62)/(-5) + (-6)/15. Let u = -1230 + 1234. Suppose -u*i - 288 = -b*i. List the prime factors of i.
2, 3
Let q = 2396 + -2295. Let v(m) = -20*m**2 - m. Let p be v(1). Let z = q + p. What are the prime factors of z?
2, 5
Let m(f) = -f**3 + 16*f**2 + 15*f + 59. Let b = -120 - -134. List the prime factors of m(b).
661
Suppose -19 = -3*z - 4. Let t(h) = 4*h - 16 + 3*h + h**2 - z*h - h. What are the prime factors of t(6)?
2, 13
Let r(u) = 26*u**2 + 7*u + 27. Let v be r(-7). Let s = 2617 - v. What are the prime factors of s?
3, 5, 7, 13
Suppose -5*n - 351 = -n + 3*t, 5*n - 3*t = -459. Let k = 271 + -135. Let j = k + n. List the prime factors of j.
2, 23
Let n(d) = -d**3 - 27*d**2 - 10*d + 139. What are the prime factors of n(-50)?
47, 1237
Let t(w) = 909*w**2 - w + 1. Suppose -4*c - 1 = -5*c + 3*k, 0 = -5*c + 3*k - 7. Let d be t(c). What are the prime factors of 18/81 + d/27?
3, 5
Let n = 74 + -2. Suppose -4*g + 10*g = n. Suppose -d - 198 = -g*d. What are the prime factors of d?
2, 3
Let w be -4 + 9*106 + -5. Suppose -11*b + 14*b = w. What are the prime factors of b?
3, 5, 7
What are the prime factors of ((-14)/4 + 4)/(3/28962)?
3, 1609
Let x = -46573 + 66966. List the prime factors of x.
20393
Suppose 2*t - 8 = 2*u, t + 0*t + 3*u - 16 = 0. Let d = 300 + t. What are the prime factors of d?
307
Let u be 41512/(-48) + (-1)/6. Let q = u + 1525. Suppose -38*r = -43*r + q. What are the prime factors of r?
2, 3, 11
Let q = -24716 - -65101. What are the prime factors of q?
5, 41, 197
Suppose -v = -19*s + 22*s - 2090, -10520 = -5*v - s. List the prime factors of v.
5, 421
Suppose -650*g + 280456 = -606*g. What are the prime factors of g?
2, 3187
Let i = -206 + 198. List the prime factors of 20/i*(-1988)/10.
7, 71
Suppose 3*i - 48638 - 3535 = -5*k, 0 = 2*k - 2*i - 20866. What are the prime factors of k?
2, 3, 37, 47
Let q(v) = 138*v**3 - 52*v + 97. List the prime factors of q(2).
1097
Let g be ((-3)/6)/(3/(-12)) + 7. Suppose 0*c + 3*c = g. Suppose -c*o = o - 216. What are the prime factors of o?
2, 3
Suppose 0 = -8*v - 732 - 140. Let a = v - -107. List the prime factors of (-53)/(-3*a/(-24)).
2, 53
Let p(k) = k**2 + 4*k + 2. Let m(o) = -2*o**2 + 3*o + 20. Let t be m(4). Let j be p(t). Suppose j*s - 540 = -224. What are the prime factors of s?
2, 79
Suppose -789*p + 821*p = 1333295 - 322095. List the prime factors of p.
2, 5, 79
Let q be 40/25*(-2 + 7). What are the prime factors of (33 + -27)*(-2)/q*-502?
3, 251
Let p = 6426 - 3574. What are the prime factors of p?
2, 23, 31
Let y = 7078 - -18267. List the prime factors of y.
5, 37, 137
Let d be (-4 - (-4 - 1))*0 + 0. Suppose -r - 17*a + 16*a + 524 = 0, -a = d. List the prime factors of r.
2, 131
Let s = 21 - 12. Let w = 17 + -24. Let q = w + s. List the prime factors of q.
2
Let c be (-6)/(-5)*(45920/(-24))/(-7). Let d = c - 81. What are the prime factors of d?
13, 19
Suppose -3*r + 27574 + 6419 = 0. List the prime factors of r.
3, 1259
Suppose 5*k = 2*w + 144, 26 = -3*k + 5*w + 101. Let z(g) = -2 + g**3 + 6*g**2 + k*g + 6*g**2 - 29*g - 4. List the prime factors of z(-7).
2, 29
Let g be 3/5 + (-160696)/(-40). Suppose -2*a = -2*w + g, 0 = -4*w + w + 6. List the prime factors of (10/(-15))/(6/a).
223
Suppose -17*o = -290575 - 546046. What are the prime factors of o?
29, 1697
Let z(l) = l**2 + 2*l - 40. Let k be z(-7). What are the prime factors of 7750/(-465)*(83/k + 1)?
2, 5, 13
Let r(f) = -2*f + 41. Let u be r(23). Let s be 29 - -1 - (-16)/(1 + u). Suppose 6*p = 344 - s. List the prime factors of p.
53
Let c = 196 - 192. Suppose 53 = g - 2*w - 0*w, 2*w = -c. What are the prime factors of g?
7
Let c(l) = l**2 + 4. Let a be c(3). Suppose 0*r - a*r = -6344. What are the prime factors of r?
2, 61
Let f(n) = -20*n - 33. Let p be ((-24)/(-2))/(-4)*(-22)/6. Suppose 50 = -p*t - 27. List the prime factors of f(t).
107
Suppose 56767 = 747*x - 744*x + 5*g, 0 = -5*x - g + 94663. What are the prime factors of x?
2, 9467
Let u be -1 - 4/(-3) - (-1966976)/363. Suppose 17*j = 4611 + u. What are the prime factors of j?
2, 5, 59
Let l(b) = -60*b**3 + 5*b**2 - 9*b + 82. List the prime factors of l(-6).
2, 3319
Let c(u) = 2*u**2 - 30*u + 1699. What are the prime factors of c(87)?
41, 347
Suppose -2164 = 20*j + 76. Let r = 1046 + j. List the prime factors of r.
2, 467
List the prime factors of (-20)/(-260) + (-373202)/(-26).
2, 7177
Let w = 363 + -611. Let v = -15 - w. What are the prime factors of v?
233
Let f be (-4)/1*176/(-64). Let u = -52 + 12. Let j = f - u. What are the prime factors of j?
3, 17
Let x be (8/(1*2))/(122/30012). Let l = 1757 - x. List the prime factors of l.
773
Suppose 16 + 20 = -6*x. Let y be 7 - 3 - (-3)/x*-4. Suppose 5*h - y*h = -117. List the prime factors of h.
3, 13
Let r be 4 + (-2)/1 - (17 + 0). Let h be 3*50/r + 1. List the prime factors of (95/2)/(((-9)/2)/h).
5, 19
Suppose -9*a = -21*a - 216. What are the prime factors of (a/(-10) - 3)*1880/(-3)?
2, 47
Let p(j) = -24*j + 3. Let i(f) = -2*f - 27. Let h be i(-14). Let o be 2/6*h*(-12)/4. List the prime factors of p(o).
3
Let u(b) = -434*b - 3418. What are the prime factors of u(-14)?